he remainder when 7 is divided by x?
2
Let z be (-8)/(-3) + (-4)/6. Suppose -97 + 49 = -z*j. What is the remainder when 93 is divided by j?
21
Let u(a) = -a**2 - 32*a - 117. What is the remainder when 8969 is divided by u(-15)?
137
Suppose -6*n - 1670 + 5966 = 0. Calculate the remainder when n is divided by 43.
28
Suppose -231 + 63 = -41*a - 45. Suppose -74 = -2*v - 0*v. Calculate the remainder when v is divided by a.
1
Suppose 34*v + 53*v = 133284. Calculate the remainder when v is divided by 201.
125
Let d = 357 - 363. Let r(p) = 6*p + 197. Calculate the remainder when r(d) is divided by 81.
80
Suppose 44 = -2*j + 70. Let s = -97 + 120. What is the remainder when s is divided by j?
10
Suppose 0 = -26*s + 10*s - 1360. Let i = s - -89. Calculate the remainder when i is divided by 2.
0
Suppose 146 = 10*y - 74. Suppose 45*w - 851 = y*w. What is the remainder when w is divided by 19?
18
Let f be 228/(-12) - (-4 - -1). Calculate the remainder when -16*(-4 + (-1 - 12/f)) is divided by 40 + -1 - (-5 + 9).
33
Let w be (-20)/20 + 51/3. Suppose 48 = -13*a + w*a + 3*i, -20 = -2*a + i. Calculate the remainder when 32 is divided by a.
8
Suppose 7*s = 11*s + 2*w - 536, -3*w - 384 = -3*s. Calculate the remainder when 6599 is divided by s.
131
What is the remainder when (-22*18/(-594))/((-2)/(-3126)) is divided by 70?
62
Let m = 4 - 20. Let k(x) be the first derivative of -x**3/3 - 17*x**2/2 - 9*x + 185. What is the remainder when 25 is divided by k(m)?
4
Let i(p) = -26*p - 10 - 7*p + 13*p. What is the remainder when i(-5) is divided by 92/6*21/14?
21
Let n be -3*1/(-6)*-14. Let x(q) be the second derivative of q**4/6 + 4*q**3/3 - 7*q**2/2 - 66*q - 1. What is the remainder when 69 is divided by x(n)?
34
Let q be (-14)/(-8)*-10*(-62)/5. Suppose 18*g + 37 - q = 0. Calculate the remainder when 88 is divided by g.
8
Let x(y) = 3*y + 17. Let p be x(-7). Let q be (-4)/8*p + 78. Suppose q = 10*z - 80. What is the remainder when z is divided by 13?
3
What is the remainder when 2/(117/(-660) - ((-87)/(-15) - 6)) is divided by 68?
20
Suppose j + 5*z = 34, -4*z = 5*j - 0*z - 65. Let c be 156/(-234)*54/4. Calculate the remainder when 33/(c*(-3)/j) is divided by 4.
3
Let x = 3 + -13. Let o be (-44)/(-506) - 2020/(-46). Let i = x + o. Calculate the remainder when i is divided by 12.
10
Suppose 0 = 4*y - 4, 0 = -3*a - a - y + 1. Suppose 4*n + a*n = -16. Calculate the remainder when 6 is divided by ((-6)/n + 0)/3*8.
2
Let f(b) = 6*b + 72. Let o be f(-26). Calculate the remainder when (-15687)/o - (-1)/4 is divided by (-78)/(-2) + -2 + 1.
35
Let m = 4392 - 4378. What is the remainder when 2476 is divided by m?
12
Let u be (0 - 3) + (-8 - -2 - -820). Suppose 9*r - u = 2753. Calculate the remainder when r is divided by 57.
54
Let p be (2 + -1)/(5/605 + 0). Suppose -n + p = 51. What is the remainder when n is divided by 25?
20
Let j(z) = -151*z + 3962. What is the remainder when 7478 is divided by j(25)?
185
Suppose -4*k - 4*p + 1028 = 0, 4*k - 1010 = -179*p + 181*p. What is the remainder when k is divided by (74 - 0) + 0 + 9 + -5?
20
Suppose l - 311 = -5*g, 27*g + l + 61 = 28*g. Let v = 464 - 157. What is the remainder when v is divided by g?
59
Calculate the remainder when 22/10 + 44735/575 is divided by 79.
1
Suppose 21*o - 600 = 10*o - 19*o. Calculate the remainder when 2016 is divided by o.
16
Let p = -42 - -121. Let c = -74 + p. Suppose -u - 5*z = -16, -z + 87 = c*u - 41. Calculate the remainder when 50 is divided by u.
24
Suppose -193 = -3*c - 5*y, -13 = 2*c + y - 144. Let v = c + -34. What is the remainder when 188 is divided by v?
28
Let r(n) = 1599*n + 32003. Calculate the remainder when 2/(-4) - (-225)/2 is divided by r(-20).
20
Let h(q) = 7*q**2 + 26*q - 26. Suppose -8*b = 7*b + 180. Calculate the remainder when h(b) is divided by 24.
22
Let h = -358 - -370. Let v = -300 + 209. Calculate the remainder when 3/(-6) - v/2 is divided by h.
9
Suppose 122 = -y - 48. Let n = 194 + y. Calculate the remainder when 68 is divided by n.
20
Suppose -3*i - 31*y + 1004 = -29*y, 6*y + 12 = 0. Calculate the remainder when i is divided by 58.
46
Let m = 2322 + -2257. Calculate the remainder when 787 is divided by m.
7
Let u be 313*(-4)/(-6)*(-3)/2. Let b be u*(-3)/27 + 8/36. Suppose 29*k - 24*k = b. What is the remainder when k is divided by 7?
0
Suppose l - 96 = -2*z, 4*z - 87 = -5*l + 117. What is the remainder when 271 is divided by z?
41
Let m(f) = -13*f - 6. Suppose -3*d + 4*r = -11, 2*d + 5*r = -5 - 26. What is the remainder when (-26)/(-6)*(-90)/d is divided by m(-3)?
31
Suppose k - 705 = 5*t, 0 = -k + 5*k - 3*t - 2837. Calculate the remainder when k is divided by 34.
30
Suppose c + 12121 = 52*m, 2*c + 528 = 4*m - 414. What is the remainder when m is divided by 245/4 - 6/24?
50
Let b(g) = 4*g**2 - 29*g - 111. Let k(a) = 2*a**2 - 14*a - 55. Let f(x) = -3*b(x) + 5*k(x). What is the remainder when 134 is divided by f(10)?
22
Let v = 2424 - 1711. Suppose -322 = -69*i + v. What is the remainder when 59 is divided by i?
14
Calculate the remainder when 4/38 + (-25701)/(-57) is divided by 118.
97
Suppose 2*a = -6*a + 24. Let q(r) = 16*r**2 + 6. Let c be q(a). Suppose -9*i = -14*i + c. What is the remainder when 89 is divided by i?
29
Let d be (843/(-9)*3)/1. Let v = 307 + d. Calculate the remainder when 72 is divided by v.
20
Let s = 59 - 56. Let w(f) = 3*f**3 + 4*f - 2. Let p be w(s). Calculate the remainder when 166 is divided by (p/(-39))/(1/(-18)).
40
Suppose 31393 - 109578 = 210*z - 229*z. Calculate the remainder when z is divided by 21.
20
Let y(x) = -2 + x + 0 + 2*x. Calculate the remainder when y(16) is divided by (-170)/(-15) + 6/9.
10
Let i(m) = -47*m - 150. Let k be i(-5). Let a = k - 57. Calculate the remainder when 108 is divided by a.
24
Suppose -318 = 3*u - 6*u + d, 5*u - 528 = d. Let c(l) = -81*l. Let p be c(-2). Let i = p - u. What is the remainder when i is divided by 5?
2
Let f = -153 - -158. Suppose -a = 4*l - 190 + 45, a + 188 = f*l. Suppose 3*t + 33 - 252 = 0. What is the remainder when t is divided by l?
36
What is the remainder when 167 is divided by 23 + -7 + ((-2)/11 - (-92)/22)?
7
Let q = 24 - 7. Let w be (1 + q)*16/24. Let t(c) = c**3 - 11*c**2 - 14*c + 26. What is the remainder when 13 is divided by t(w)?
1
Let h = -2281 - -2327. What is the remainder when h is divided by 6?
4
Let g(y) = -10*y**2 + 163*y - 312. Suppose -7 = 3*p + 5*d, 4*p + 10*d + 1 = 5*d. Suppose -3*l + p = -39. Calculate the remainder when g(3) is divided by l.
12
Suppose -5*k + 3*r = -801, -122*k = -119*k + r - 489. What is the remainder when 2913 is divided by k?
159
Let f = -446 + 627. What is the remainder when 8142 is divided by f?
178
Let o = -6342 + 6365. Calculate the remainder when 2301 is divided by o.
1
Suppose -6121 - 2417 = -3*w. What is the remainder when w is divided by 7?
4
Let x = -116 - -192. Let f(j) = -3*j**2 + 16*j + 51. Calculate the remainder when x is divided by f(7).
12
Let b = -858 - -565. Let m = 462 + b. Let g = -59 + 116. What is the remainder when m is divided by g?
55
Let d(q) = 205*q + 1337. What is the remainder when 302 is divided by d(-6)?
88
Let v(q) = 4*q**2 - 15*q - 306. Suppose 2*s - 6 - 2 = 0. Suppose 3*y - 432 = -3*h, -s*h = 4*y + y - 717. What is the remainder when y is divided by v(11)?
11
Let j = -717 + 713. Calculate the remainder when (-2)/j - (-1 + 250/(-4)) is divided by 50.
14
Suppose 2*r - 7*r + 195 = 0. Let s(c) = 14*c**3 + 2*c**2 - 3*c + 1. Let w be (3/15)/((-6)/(-30)). What is the remainder when r is divided by s(w)?
11
What is the remainder when ((-259)/(-14))/(226/(-228) - -1) is divided by 8?
5
Suppose 4*c - 37 = 99. Calculate the remainder when 816 is divided by c.
0
Let s = 1653 - 1413. Calculate the remainder when s is divided by 105.
30
Let d = 45 - 117. Let g = d - -77. Suppose 2*w = w + 26. Calculate the remainder when w is divided by g.
1
What is the remainder when 109 is divided by (8/(-5))/((1880/700)/(-47))?
25
Suppose 2*a = k - 42, -3*k - 2*a = -94 - 40. Calculate the remainder when 1155 is divided by k.
11
Suppose 8 - 26 = 3*r. Let s(g) = 9*g + 13 - 2*g + 10*g - 50*g + 12*g. What is the remainder when s(r) is divided by 14?
13
Suppose -2*c - 22 = -z, 10*c = 15*c - 5. Let s(y) = -11*y - 10. Suppose i + 15 = -1. Calcu